- 3).
-4
Calculate -6 + 0 + 5 + -1 + -3 + -4.
-9
3 + (12 - (9 + -2 + 0)) + 14
22
4 + -1 + -8 + -2 + -10 + 11
-6
What is (547 - 541) + (-1 - 14)?
-9
What is the value of (3 - -2 - 1) + (-25 + 4 - -23)?
6
What is the value of 5 + -4 + -51 + 69?
19
(-1 - 2) + (10 - 12) + 8
3
Evaluate (274 - 297) + 43 + 0.
20
What is the value of (7 - (-5 - (6 + -3))) + 16 + -9?
22
0 + 1 + 9 - (-19 + (-26 - -52))
3
What is the value of -2 + (3 - (1 + -16 - -31))?
-15
Evaluate (69 - 53) + -6 + (-28 - 6).
-24
Calculate (-7 + (7 - 6) - 4) + 29.
19
Calculate 3 + 4 + 1 + 3.
11
-91 + 165 - (-1 + 39)
36
What is the value of (-8 - 4) + 10 + (13 - 8)?
3
What is 2 + -1 - (-227 + 239 - (2 + -20))?
-29
4 + 38 + (-7 - 3 - 2)
30
What is -57 - (-25 + -32 - -33)?
-33
What is -13 - ((-29 + 5 - -11) + -16)?
16
Evaluate 11 + -14 + -49 + 70.
18
Calculate -66 - -72 - (-1 - -8).
-1
What is -702 + 703 - (16 + 1)?
-16
Evaluate -20 + (-24 - -79) + -22.
13
-51 - -44 - (0 + -10)
3
What is the value of (-1 - 24) + 1 + 3 + 69 + -60?
-12
Calculate 3 + (4 + (-16 - -6) - (-1 + 0)).
-2
Calculate -2 - 33 - (-139 + 110).
-6
27 + -2 + -13 - 27
-15
What is the value of 32 + 7 + -28 + 1 + (1 - 10)?
3
-9 + 24 - (0 - -13)
2
What is the value of -1075 + 1021 - (0 - 32)?
-22
Calculate -7 + 6 + 2 + (-4 + -9 - -28).
16
Evaluate (11 - 0) + (31 - 29 - 16) + 11.
8
Calculate 0 + (-2 - (37 - (21 - 5))).
-23
-2 + (12 - (-8 + 7))
11
What is the value of -7 + (-11 - -1) + 28 + 40 + -23?
28
What is -14 - -26 - 11 - 7?
-6
What is the value of (-6 - (3 + -11) - 11) + 23?
14
What is the value of -135 - -135 - (0 + 3 + -3)?
0
What is the value of -38 - (-46 + 16 + 10)?
-18
1 - ((-1 - -5) + 4) - -22
15
Calculate -15 + -1 - (465 + -476).
-5
What is the value of -7 + -1 + 6 + 4 - -5?
7
What is the value of (-26 - -17) + (-1 - -3) + 10 - -15?
18
Evaluate (2 - (4 - 6)) + -18 + 3 + 10.
-1
Calculate 8 - (-3 + 11 + -10 + -3).
13
Calculate -7 + (0 - (-8 + -11)) - -5.
17
Evaluate 4 + -7 - (-25 + 1) - (-123 + 126).
18
What is (-12 - 6) + -2 - -31?
11
Evaluate 7 - (10 - -23) - (-4 + 0).
-22
What is the value of -16 - -6 - (28 + -30)?
-8
Calculate (-11 - (6 + 4)) + 12 + -2 + -4.
-15
Calculate 16 + 18 + -27 + 6.
13
What is the value of -6833 - -6816 - (-1 - (-1 + 3 + 1))?
-13
What is 2774 - 2767 - (21 - (-5 + 2 - -2))?
-15
What is the value of -15 - (3 - 2) - ((2 - 7) + -3)?
-8
What is (2 - (-1 + 2)) + (-7 - 7) + 12?
-1
What is -4 + 1 + (18 - (-1 - -7) - 7)?
2
Evaluate -4 - (-9 + (-3 - (-6 - 3))).
-1
27 + -22 - ((5 - 3) + -10)
13
What is the value of 0 + (-5 - -2 - -3 - -5 - 20)?
-15
What is 32 + -29 - (-1 - -1 - (-1 + -10))?
-8
Evaluate -9 + (-6 - ((-8 - 14) + 9)).
-2
3 - -8 - (81 - 68)
-2
What is 0 + -5 + (28 - 7 - 8)?
8
-51 + 61 + 0 + -12 + -6
-8
Evaluate 2 - (-8 + 5 - -2 - -3).
0
Calculate -11 + 21 + -26 - -16.
0
What is the value of (12 - (9 - -5 - 6)) + -23?
-19
What is (1 - -4) + (-14 - (-12 + -9))?
12
What is the value of (-6 - (-4 + (-5 - -3))) + -3 + 1?
-2
What is (-25 - -1) + (1 - -7) - (2 - 4)?
-14
Calculate 16 - (-9 + 28 + (6 - 14)).
5
Evaluate -11 - 4 - (-130 - -107).
8
(-1 - -8) + (1 - 3 - (29 + -24))
0
Evaluate (9 - ((8 - -8) + -17)) + 17.
27
(-9 - -6 - (6 + -2 + -5)) + 4
2
What is (-8 + 1 + 1 - (-89 - -79)) + 8?
12
(41 - 13) + -9 + 3 + 3 + 2
27
Calculate (-7 - 26) + (0 - -20).
-13
(-4 + 7 - -3) + (3 - (5 + 3))
1
Calculate (-2 - 2) + 8 + -3 + 9.
10
Calculate 0 + (-3 - 5) + (-3 - 1).
-12
Evaluate 4 - (10 + -28) - 21.
1
What is -71 - (-34 - (38 - 31))?
-30
What is 5 + -4 + -11 + 6?
-4
Evaluate 5 + 0 + (-6 - 2 - -3) - 13.
-13
Evaluate (-283 - -291) + (2 - (-1 + 0 + -1)).
12
What is the value of 13 + -7 + -7 + (13 - 8)?
4
Calculate -13 + 11 + 1 - ((-5 - 0) + -15).
19
What is 2 + -19 + (13 - 1)?
-5
4 - (15 - ((-6 - 1) + 5))
-13
What is -7 - (-23 - (19 - 10) - -9)?
16
-1366 + 1398 - (62 - -2)
-32
0 - 6 - ((-2 - -7) + (-58 - -50))
-3
Calculate 29 + 2 - (-6 + 41).
-4
What is the value of -11 + 0 + 7 + 3?
-1
Evaluate (-16 + 3 + 14 - -12) + 15.
28
31 + -4 + 8 + -7 - (-1 + 10)
19
What is the value of -24 + (23 - -7) - -13?
19
What is 3 + (-341 - -375) + 0 + -8 + 2?
31
Evaluate 5 + -8 - (13 + -12 - -7).
-11
Evaluate (0 - (-6 - -12)) + 4 - 6.
-8
4 + (-5 - (-5 - -5))
-1
What is the value of 4 - (8 - 10 - (-4 + 0))?
2
1 + 16 + 18 + -40 + 4
-1
What is (14 - 19) + 9 + -11?
-7
Calculate 8 + -7 + (9 + -6 - -6).
10
Evaluate 19 + -19 + (2 - -7).
9
What is the value of (-437 - -411) + -1 + 26?
-1
Evaluate -23 - -2 - (-3 - 8).
-10
Evaluate -8 + (-4 - 1) + 7 + -2.
-8
What is the value of 15 - ((-21 - -14) + (-1 - -16))?
7
Calculate 12 - (66 + -5 + -40).
-9
Evaluate 2 + (3 - (10 + -14)) - -5.
14
What is the value of 718 + -727 + 0 + -10?
-19
Evaluate 1 + -21 - ((3 - (9 + -6)) + 2).
-22
Evaluate (7 - 55) + 18 + 21 + (25 - 1).
15
Calculate 65 + -55 + 2 + -13 + (-12 - 1).
-14
Evaluate 6 + -2 + 2 + -32 + 37.
11
What is (-3 - 9) + (2 - -1) + 8?
-1
Calculate -50 + -1 - (1018 + -1042).
-27
15 - ((9 - (21 - 13)) + -2 + 2)
14
What is the value of 7 + (-18 + (4 - -1) + 5 - 10)?
-11
What is the value of 6 + (-5 - -3) - 23?
-19
What is the value of 28 - (1 + -11 + 24)?
14
What is the value of (-23 - -15 - -8) + 4 - -11?
15
-10 + 2 + 5 - 8 - -28
17
Calculate (1 - 4) + 7 + 8 - (10 - 5).
7
(8 + 2 - (22 - 21)) + -16
-7
Calculate (0 - (-1 + -2 + 1)) + (-45 - -23).
-20
What is -10 - (17 - 22 - 2)?
-3
-26 - ((33 - -3) + -46)
-16
Evaluate 1 + (-6 - -19) + -27.
-13
What is -1 + -3 + 16 + (-25 - -18)?
5
Calculate 0 + 1 - (-7 + 4 + 6 + 2).
-4
Calculate 36 - 22 - ((9 - (-3 + 15)) + 9).
8
Evaluate 24 - 5 - 3 - (10 - (5 - -5)).
16
Evaluate 5 - (-8 + (7 - 0 - 3)).
9
Evaluate -31 - (-20 + 28 - 23).
-16
What is 0 - (4 + 2) - (6 - 8) - -5?
1
Evaluate 9 + (-3 - 10) - (6 + -1).
-9
What is the value of 11 + -20 + (4 - (10 - 4) - 4)?
-15
Evaluate -9 + (-5 + (1 - 9) + 17 - 12).
-17
Evaluate 9 + -7 - (9 - 17).
10
Evaluate -21 + (30 - -14) - 14.
9
Calculate ((16 - 2) + -2 - (-244 - -254)) + 5.
7
Calculate -1 - -7 - (-10 + 6 + (10 - 2)).
2
Evaluate (0 - 0 - (-46 - -42)) + (-4 - -1).
1
18 + 3 - -1 - 3
19
What is the value of (-45 + 92 - 49) + 12 + 1?
11
What is the value of 145 - 124 - (11 + 2 + -2)?
10
What is the value of 2 - (9 - (17 + -17 - (1 + -2)))?
-6
Calculate (-6 - (19 + -13)) + 22.
10
(-21 - 2) + -9 + (-4 - (16 - 17))
-35
What is the value of (28 - 37) + 11 + 0?
2
What is (-1 - 7) + 57 + -56 - (1 - 5)?
-3
What is -1 - (-2 - 2) - (-5 - -18) - 2?
-12
-1 + -9 + (100 - 81)
9
(9 - 19) + (-4 - -12) + -1 + -2
-5
-28 + (-31 - -22) + 16
-21
What is the value of 1 + -4 + (-3 - (4 + -9))?
-1
2 + -3 + 1 + 66 + -26 + -26
14
(-9 - -3) + (-16 + 10 - (1 - 6))
-7
What is the value of -11 - (0 + (26 - 18) - -13)?
-32
Calculate (-2 - (-10 + 0)) + (-34 - (9 - 29)).
-6
-3 - (8 - (11 + -3) - -3)
-6
-10 - 0 - -7 - 5 - -5
-3
-15 + (-37 - (-36 - -19))
-35
-14 + 4 - (-86 - -93 - (-1 - -10))
-8
Calculate (-2 - (1 - -3 - 4)) + (1 - -4).
3
-2 + (6 - -3) + -6 + 21
22
What is (-16 - -6) + 48 + -17?
21
What is the value of (172 - 218) + (-2 - -20)?
-28
What is the value of -4 - (2 + 3) - (-13 + -5)?
9
What is 13 + -2 - (-11 + 19)?
3
What is the value of 12 + (-20 - -10) + -12?
-10
(-5 - (-4 - (4 + -9))) + 43 + -10
27
(4 - ((3 - 3) + -2)) + 78 + -77
7
Calculate -37 + 0 + ((31 - 24) + -4 - -1).
-33
What is 15 + -4 + (-9 - 5)?
-3
Evaluate 6 - 0 - (6 - 1) - (-4 - -1).
4
11 - -5 - (-8 + 0 + (6 - 5))
23
3 - (8 - 3) - (101 + -96)
-7
-6 - (24 + -22 - 11)
3
Calculate 12 - (0 + -4 - (5 - (14 - -4))).
3
(-10 - (-26 + -11 + 19)) + -31
-23
9 + (2 - -6 - (25 - 14))
6
What is 2 - (1 + -6 - (-8 + (12 - 1)))?
10
(-21 - (-15 - 29)) + -1
22
What is the value of (-1 + 2 + -9 - -7) + 2 + -5?
-4
Calculate -13 + (-12 - -30) + (-2 + 7 - 0).
10
What is 0 + 1 + 5 + (0 - 9 - 0)?
-3
What is -18 + 7 + -5 + 13 + -10?
-13
0 + -2 + 54 + -47 - 6
-1
Calculate 13 - (1 + -6 + 22).
-4
What is the value of 15 - -2 - (103 - (4 + 47))?
-35
What is 187 + -183 - ((11 - (2 + -6)) + 2)?
-13
Calculate -3 - (-2 - -1) - (42 + -41 + 7).
-10
What is the value of -1 + 8 + -2 + (-1 - 1) + -9?
-6
Evaluate -5 + (32 - (7 + (-5 + -2 - -7))).
20
What is 14 - (0 - -35) - (3 + -1) - 2?
-25
Calculate (9 - (-4 - -14)) + 9 - (-11 - -6).
13
Evaluate 32 + -21 + -8 - 30.
-27
Evaluate (1 - -2) + (-24 - (-55 + 27)).
7
What is 2 + -11 - (33 + (10 - 13 - 9))?
-30